66 + u**3 - 3*u + 186 + 4*u**2 + 183. Calculate n(b).
-7
Let j(x) = -40*x. Let w(d) = 52*d. Let i(u) = -5*j(u) - 4*w(u). What is i(-3)?
24
Let i(s) = 3*s + s**2 + 8*s + 4*s + 12 + 5. Let c be i(-15). Suppose 5*k = -7 - 8, 5*r - 4*k = c. Let x(j) = -10*j**3 - 2*j**2 + 1. What is x(r)?
-11
Let u(h) = -h**2 + 4*h. Let k(j) = -2*j + 0*j + 84198*j**2 + j**3 - 84194*j**2 - 5. Let w be ((-9)/6)/((-3)/(-8)). Let n be k(w). What is u(n)?
3
Let v(n) be the second derivative of n**4/6 - 2*n**3/3 + 5*n**2/2 + n - 21. Calculate v(2).
5
Let f be (-2)/(-7) - ((-275)/(-7))/1. Let d = 33 + f. Let a(w) = -w**2 + 701*w - 708*w - 3 + 0*w**2. Determine a(d).
3
Let t(u) = -5 - 1 - 3*u + 4*u - 3*u. Let d(x) be the first derivative of -4*x**2 - 9. Let g be d(-1). Give t(g).
-22
Suppose -3*k - f + 280 + 167 = 0, -3*f - 287 = -2*k. Let n = k + -150. Let g(t) = -2*t**3 - 3*t**2 - t + 1. What is g(n)?
7
Let b(s) be the first derivative of -s**3/6 - s**2 - 14*s + 12. Let r(d) be the first derivative of b(d). Suppose 33 = -6*y + 3. Calculate r(y).
3
Suppose 5*i - 3*i = -14. Let c = 27 + i. Let z be (1 - 6) + c/2. Let j(s) = -s - 1. Determine j(z).
-6
Let s = 524 + -519. Let b(c) = 4*c**2 - s + 2*c**3 - c**3 - 2*c**3 + 3*c**3 - 3*c**3. Determine b(4).
-5
Let k be (-180)/54*(-36)/(-8). Let a(h) = -h**2 - 12*h + 2. Give a(k).
-43
Suppose -4*j - 5*y = -82, 0 = -j + 6*j + 4*y - 116. Let x(g) = -3*g + 100. Give x(j).
16
Let h(l) = -9*l**2 - 12*l + 8. Let p(u) = -5*u**2 - 6*u + 3. Let o(s) = 4*h(s) - 7*p(s). Calculate o(-4).
19
Let j(b) = 6*b**3 + 11*b**2 - 8*b + 192. Let f(d) = d**3 + d**2 - d + 27. Let q(r) = 7*f(r) - j(r). Let x be (2/3)/((-6)/(-27)). Calculate q(x).
-9
Let i(g) = -g**3 + 4*g**2 - g + 2. Let r(p) = p**3 + 3*p**2 + 6*p - 8. Let q be r(-6). Let k = q + 156. Determine i(k).
-2
Let m(t) = -3*t**3 + 14*t**2 - 36*t + 126. Let p(q) = 2*q**3 - 10*q**2 + 27*q - 94. Let w(x) = -11*m(x) - 15*p(x). Calculate w(3).
42
Let q(a) = 2*a**2 + 2*a. Let l(r) = 6*r**2 - 8*r**2 + 5 - 3 - r**3 - 10*r. Let z(j) = -l(j) - 4*q(j). Let d = -3 + 9. Calculate z(d).
10
Suppose -161 = 12*v + 40*v - 1565. Let o(h) = h**3 - 27*h**2 + h - 25. What is o(v)?
2
Let a(p) = 3*p**2 + 7*p + 5. Let q(c) = 16*c**2 + 35*c + 25. Let i(o) = 11*a(o) - 2*q(o). Suppose 173 = -9*m - 7. Let w be 4 + -2 - (-120)/m. Calculate i(w).
-7
Let p(c) be the second derivative of c**3/6 - c**2 + 20*c. Let r be -1 + -2 - (4 + -100). Let v = r - 88. Determine p(v).
3
Let p(m) = -3*m - 25. Suppose 19*c - 23*c - 40 = -4*u, -2*c = 2*u + 28. Determine p(c).
11
Let i(l) = -l**2 + 10*l + 12. Let w(c) be the second derivative of -c**5/20 + 3*c**4/4 - c**3/2 + 37*c**2/2 - 101*c. Let z be w(9). Determine i(z).
12
Let c(i) be the third derivative of 0 + 0*i - 1/60*i**6 + 1/6*i**3 - 28*i**2 - 1/12*i**4 + 1/30*i**5. Suppose -3 = 5*g - 13. Give c(g).
-11
Let n = 2 - 6. Let c(l) = 1097*l + 4. Let p(z) = 915*z + 5. Let a(t) = 5*c(t) - 6*p(t). What is a(n)?
10
Let f be ((-2 - -1)*2)/((-1532)/3064). Let s(d) be the second derivative of 18*d + 0 + f*d**2 - 5/6*d**3 - 1/12*d**4. What is s(-7)?
-6
Let v(m) be the second derivative of -m**5/20 - 5*m**4/12 + m**3/6 + m**2 - 48*m - 1. Suppose -8*q - 23 = 5*p - 6*q, -5*p = 4*q + 21. Calculate v(p).
-3
Let w(n) = n**2 + 2*n + 3. Let l be w(0). Suppose a - 43 = -3*m, l*m - 27 - 140 = -5*a. Let b(c) = 2*c**2 + 1 - 23*c - c**2 + a*c. Determine b(-8).
1
Suppose -12*a + 15*a - 2379 = 0. Let s be -2 + 1/5 + a/(-65). Let c = -15 - s. Let p(m) = 13*m**3 - 2*m - 1. Calculate p(c).
-12
Let z(c) = -c**3 - 5*c**2 - 4*c - 9. Let w be (-6)/(-72) + 30785/(-60). Let i be (-78)/19 - 54/w. What is z(i)?
-9
Suppose 207 = 46361*h - 46338*h. Let a(t) = 104*t - 940. Calculate a(h).
-4
Let d(f) be the first derivative of 61*f**2/2 + 369*f + 1023. Give d(-6).
3
Let h(l) = l**2 - 2*l - 1. Let g(f) = f**2 + 6*f + 3. Suppose i - 5*i + p + 3 = 0, 0 = 3*i - 3*p. Let q(m) = i*h(m) + g(m). Give q(-2).
2
Let w(k) = k**3 - 14*k**2 - 30*k - 36. Let g(a) = -a**3 + 34*a**2 - 33*a + 16. Let h be g(33). What is w(h)?
-4
Let y(h) = -5*h**2 - 4*h + 20. Suppose -5*n = -5*m, -198*n + 202*n - 24 = -4*m. Give y(n).
-37
Let s(z) = -2*z**2 - z - 5. Let b(l) = 5*l**2 + 3*l + 11. Let h be ((-1)/1 - (-8 + 5)) + 0. Suppose 2*q + 4 = -h. Let a(f) = q*b(f) - 7*s(f). Calculate a(2).
-6
Let i(y) = 4*y + 15. Let p(r) = 7*r + 26. Suppose -78 - 72 = -25*n. Let t(k) = n*p(k) - 11*i(k). Calculate t(-6).
3
Let z(m) = -4*m + m**2 - 13 + 4 - 5*m + 0*m**2. Let f be ((-1048)/(-16))/((-2)/4). Let s = 141 + f. What is z(s)?
1
Let m = 666 + -665. Let f(y) = 2 + 8*y**2 - 1 - 17*y**2 - y. Give f(m).
-9
Let y(d) = d**2 - 11. Let i be y(0). Let u(h) be the second derivative of -h**5/20 - 5*h**4/6 + 2*h**3 + 9*h**2/2 - 3*h + 18601. What is u(i)?
-2
Let b(q) = q**3 + 2*q**2 - 17*q - 19. Let s be b(-1). Let l(y) = 20*y**2 - y. Determine l(s).
21
Let c = -1392 + 1395. Let n(l) be the second derivative of 7/2*l**2 + 0 - 1/6*l**c + 19*l. What is n(10)?
-3
Let n(d) = 9*d + 21. Let b(o) = -o**3 - 13*o**2 - 57*o - 388. Let x be b(-11). Calculate n(x).
-6
Suppose -5*t - 7*t - 59 = 1. Let g(z) = -2*z**2 - 7*z + 2. Give g(t).
-13
Let l(z) be the third derivative of -z**6/120 + 13*z**5/60 - 11*z**4/24 - 4*z**3/3 - z**2. Let q be 95/8 + -63 + 35350/560. Calculate l(q).
4
Let l(h) = 2*h**3 + h**2 - 3*h + 1. Let u = -359 + 273. Let k = 83 + u. What is l(k)?
-35
Let h(n) = -n + 1. Let f(j) = -20*j + 24. Let d(m) = f(m) - 10*h(m). Let y be 2/(-7) - (-259)/49. Let g(o) = -7*o + 9. Let w(q) = y*d(q) - 7*g(q). What is w(8)?
-1
Let a(i) = 6*i**3 - 29*i**2 - 33*i + 8. Let n(v) = 5*v**3 - 27*v**2 - 32*v + 5. Let x(c) = 6*a(c) - 7*n(c). What is x(-13)?
13
Let q(r) = -r**3 - 2*r + 1. Let i(z) = 7*z - 38. Let u be i(6). Let g be 12/(-18)*(-36)/(-8) + u. Calculate q(g).
-2
Let s(r) be the third derivative of 0 + r**2 - 1/12*r**4 + 2/3*r**3 + 0*r. Suppose -5*i - p + 18 = 0, -4*p + 15 = 5*i + 3. Determine s(i).
-4
Suppose 0 = 578*l - 660*l - 246. Let x(o) = 10*o - 4. What is x(l)?
-34
Let z(u) = 2*u**2 - 102*u + 102. Let c(x) = -x**2 + 41*x - 42. Let n(i) = 12*c(i) + 5*z(i). Give n(-8).
22
Suppose 12*i - 18 + 42 = -48. Let u(y) = y**3 + 6*y**2 - 2*y - 1. Determine u(i).
11
Let k(s) = 27*s**2 - 1. Suppose 1 = 3*r + 4*y, -7*r = -3*r - 3*y + 7. Determine k(r).
26
Suppose d + 1430*q + 17 = 1426*q, -19 = -3*d + 2*q. Let i(u) = 3*u**2 - 12*u + 17. Calculate i(d).
8
Let c(x) = -6*x - 153*x + 1 + 157*x - 8*x**2. Let w be 1/(-1) - (-5)/(-5). Calculate c(w).
-27
Suppose -24 = l - 5*l - 3*c, -3*l - 2*c = -19. Let v(s) = 27 - 5*s - 7 - l - 12 - s**2. Give v(-5).
-1
Suppose -y + 252 = 213. Let u(b) = -y*b**2 + 0*b + 8*b + 38*b**2. Calculate u(5).
15
Let r = 6265 - 93973/15. Let x(c) be the third derivative of 0 - 2/3*c**3 + 0*c + 0*c**4 - r*c**5 + 3*c**2 - 1/120*c**6. What is x(-8)?
-4
Let s(p) = -p**3 + 2*p**2 + 12*p - 14. Let o be s(4). Let a(g) = 4*g**2 - 1 - 8*g + 2*g - g**2 - 4*g**o. Give a(-4).
7
Let k(b) = b**3 - 12*b**2 + 26*b + 13. Let x be k(9). Let l(a) be the first derivative of 2*a**2 - a + 60. Calculate l(x).
15
Let c be (-6)/(-4)*(-11 + 15). Let o(a) = 15*a**2 - 3*a + a - 9 - 16*a**2 + 7*a. Calculate o(c).
-15
Suppose -4131 = 15*a - 15741. Let b = a - 776. Let i(w) = 2*w**2 - w. Determine i(b).
10
Let b be 0 + (2/7 - 4170/(-7)). Suppose -11*l = -563 + b. Let j(o) = -3*o**2 - o**3 - 4*o - 2 + 3 + o. Give j(l).
10
Let c = -1501 - -990. Let b = c + 512. Let i(y) = -3*y**2 - 2*y + 1. Calculate i(b).
-4
Suppose 270 = 5*w + 4*w. Let n(s) = -24 + s**2 + 17*s - 3*s**2 - w*s + 4*s**2. Let t be n(8). Let y(d) = -d**3 - d**2 - 7. Determine y(t).
-7
Let i(p) = -13*p + p + 0*p - 3*p - 39. Let z be i(-3). Let q(g) = -g + 2. What is q(z)?
-4
Let x(o) = 15 + 53*o - o**3 - 5 - 2*o**2 + 51*o - 2*o**2 - 97*o. Determine x(-6).
40
Let j(y) = 6*y**2. Let s = -1 + 19. Let d(v) = v - 14. Let c be d(s). Suppose h - 5 = -c. Give j(h).
6
Let d(t) = -t**2 + 14*t - 8. Let l = -901 - -898. Let k be (-160)/(5 + 3)*l/6. Calculate d(k).
32
Let m be (0 + -2)/(10/4 - 396/216). Let n be (-4)/18 + 94/18. Let v(q) = q**3 + 2 + 3 + 0*q - 4 + 2*q + n*q**2. Determine v(m).
13
Let b(d) be the second derivative of -d**4/12 - d**3/3 - 3*d**2/2 - 1258*d. Calculate b(-2).
-3
Let n be (-6 - 1)*-1*(-10)/105*-12. Let v(m) = 2*m + 5. Let 